se 3*y - 3*q - 53 = -q, -46 = -2*y + 4*q. What is the remainder when 43 is divided by y?
13
Suppose -2*k + 50 = 5*b, 18 = -3*k + 4*k - b. What is the remainder when 77 is divided by k?
17
Suppose 2*o = 3*m + 16, -o - o = 3*m - 16. Let n = 0 + o. Calculate the remainder when 30 is divided by n.
6
Suppose -10*z + 210 = -5*z. Calculate the remainder when z is divided by 23.
19
Suppose -4*j + 7*j - 120 = 0. Suppose -1 = -0*y + y. What is the remainder when j is divided by y - (1/(-1) + -14)?
12
Suppose -2*l - 2*l = -540. Let i = l - 66. Calculate the remainder when i is divided by 18.
15
Let c = -6 - -13. Suppose -v = i - 16, 3 = -i + 2*v + c. Let t = 11 - 4. What is the remainder when i is divided by t?
5
Let y = 92 - 64. Suppose 4*d = 4*m + 43 - 147, 5*m = 4*d + 129. What is the remainder when m is divided by (3*1)/(6/y)?
11
Let r = 69 + -37. Suppose 4*o + 44 = 5*g, r = 3*g - 5*o + 4*o. What is the remainder when 34 is divided by g?
10
Let b = 23 + -9. Suppose 2*l = -1 + 9. Calculate the remainder when b is divided by l.
2
Let k(a) = -8*a + 1. Suppose -5*j + j = -l - 8, l = -5*j + 1. What is the remainder when k(l) is divided by 12?
9
Suppose -b - 4 + 26 = 0. Let w(z) = -z**3 - 3*z**2 - 4. Let o be w(-4). Suppose -4*r = -2*r - o. What is the remainder when b is divided by r?
4
Let o = 24 - 15. Calculate the remainder when 17 is divided by o.
8
Suppose 4*f + 26 = 74. Let k = 152 + -106. What is the remainder when k is divided by f?
10
Suppose 2*n + 4 = 12, -5*n = -k + 20. Calculate the remainder when k is divided by 9.
4
Let u(l) = l**2 + 7*l - 9. Let n be 2 + -5 + 0 + -6. What is the remainder when u(n) is divided by 4?
1
Let b(v) = -v - 5. Suppose -2 = -2*k + 6. Let d(f) = -3*f - 9. Let j(x) = k*d(x) - 7*b(x). Calculate the remainder when j(-3) is divided by 8.
6
Let i = -17 - -30. Calculate the remainder when 36 is divided by i.
10
Let m = -46 - -64. Calculate the remainder when -3*17*2/(-3) is divided by m.
16
Suppose 5*w = 1 + 9. What is the remainder when 52/(-6)*(-9)/w is divided by 20?
19
Let m(w) = w**3 + 9*w**2 - 11*w - 10. Let d be m(-10). Suppose d = 3*h - 2*h - 37. Let o(y) = y + 6. Calculate the remainder when h is divided by o(7).
11
Suppose -c + 124 = 3*c. Calculate the remainder when c is divided by 16.
15
Suppose -3*d = -2*d. Suppose 3*i = -d*i. Suppose i = 2*b + 2*b - 160. Calculate the remainder when b is divided by 14.
12
Suppose 2*a - 93 = a. What is the remainder when a is divided by (17 + 1)*1*16/12?
21
Suppose -170 = 6*p - 11*p. What is the remainder when p is divided by 9?
7
Suppose 5*w = 7 + 3. Suppose -w*a - l = -70, 5*l - 3*l + 30 = a. Suppose 33 + 15 = 4*c. What is the remainder when a is divided by c?
10
Suppose -71 - 199 = 5*y. Let o = -26 - y. Let v(j) = j**3 + 2*j**2 - 4*j + 2. Calculate the remainder when o is divided by v(2).
8
Suppose -5*x + 10 = -40. Calculate the remainder when 39 is divided by x.
9
Let j = 39 - 26. Suppose 0 = a + 2*a. Suppose a = -3*w - 2*t + 75, 0 = -2*w + 5*t + 6 + 44. What is the remainder when w is divided by j?
12
Let l(v) = v**3 - 8*v**2 - 7*v + 13. Suppose -17 = -2*u + 17. Calculate the remainder when l(9) is divided by u.
14
Let o(n) = -7*n + 127. What is the remainder when o(0) is divided by 258/8 - (-2)/(-8)?
31
Let u = -117 - -201. Calculate the remainder when u is divided by 18.
12
Let f be ((-5)/20)/(1/(-20)). Suppose 5*x = -3*o + 1, -3*o + 2 + 9 = -f*x. What is the remainder when ((-5)/3)/((-4)/12) is divided by o?
1
Let b(x) = x + 6. Let f(k) = 6*k**3 - 2*k**2 + k. What is the remainder when b(7) is divided by f(1)?
3
Let m(f) = -f + 4. Let g be m(-3). Calculate the remainder when 28 is divided by 520/35 - (-1)/g.
13
Suppose 0 = -u - 2*u. Suppose u = 3*z - 0*z. Suppose z = 4*f - 0 - 12. What is the remainder when 11 is divided by f?
2
Let y = 13 + -1. Suppose -2*j + 2*d - 20 = -2*d, -j - 5 = -d. Suppose -a - a + k + 90 = j, -4*a + 176 = -4*k. What is the remainder when a is divided by y?
10
Calculate the remainder when 5 is divided by (18/15)/(9/30).
1
Let h = -71 + 106. What is the remainder when 102 is divided by h?
32
Let n(j) = -j**3 + j**2 - 2*j - 2. Let p be n(-2). Let s be 1/2 + (-100)/(-8). Let h = s + p. What is the remainder when h is divided by 14?
13
Suppose 34 = n - 106. Suppose -4*r - r = -n. Suppose 2*q = -q + 30. What is the remainder when r is divided by q?
8
Suppose 5*p = -0*p - 10. What is the remainder when 37 is divided by 18 - (-4 - p - -1)?
18
Suppose -2*l - 16 = -4*c, 0*l + 4*c = -3*l + 26. Suppose -5*j = -2*h + 5 + 89, l*j + 8 = 0. Let u = 24 + -11. Calculate the remainder when h is divided by u.
11
Suppose 4*o + 31 = 179. What is the remainder when o is divided by (40/(-14))/((-4)/14)?
7
Suppose -56 = -4*q - 2*d + 58, -138 = -5*q - d. What is the remainder when q is divided by 5?
2
Let h be (-4)/(-16) - 1065/(-12). Suppose 5*i - 186 = h. Let x = -13 - -32. What is the remainder when i is divided by x?
17
Let h(q) = q**3 - 15*q**2 - 14*q - 9. Calculate the remainder when 43 is divided by h(16).
20
Suppose 4*x - 29 - 75 = 0. What is the remainder when x is divided by 14?
12
Suppose d - 3*o = 17, -3*d + 10*o + 51 = 5*o. Calculate the remainder when 48 is divided by d.
14
Let l be (4/6)/((-4)/(-294)). Suppose 4*s = -113 - 27. Let z = s + l. Calculate the remainder when 40 is divided by z.
12
Suppose -6*p = -9*p + 72. What is the remainder when 93 is divided by p?
21
Suppose 9 = -5*r + 29. Suppose r*b + 2*w + 4 = -2, -5*b = w. Suppose -4*i = -5*i + b. Calculate the remainder when i is divided by 1.
0
Calculate the remainder when (0 + -1)*-1 - -22 is divided by 8.
7
Suppose 5*q - 208 = 42. What is the remainder when q is divided by 15?
5
Suppose -2*d + 0*d = -62. Let q(r) = 10*r - 14. Calculate the remainder when d is divided by q(3).
15
Let o = -3 - -5. Suppose q = -4*t + 52, -o*t + 5*q = 3*t - 90. What is the remainder when 41 is divided by t?
13
Let t be 49/(-28) - 2/8. Suppose -5*g = -5*y - g + 360, -199 = -3*y - g. Calculate the remainder when (y/8)/(t/(-4)) is divided by 10.
7
Let z(x) = 4*x**2 - x. What is the remainder when z(3) is divided by (19 + -3)*1 - -1?
16
Let u(a) = -4*a**2 + 14*a - 29 - 5*a + 4. Let w(h) = 2*h**2 - 5*h + 12. Let c(t) = 6*u(t) + 13*w(t). What is the remainder when c(8) is divided by 16?
14
Suppose h = -4*q + 28, 0*h + 3*h - 4 = 4*q. What is the remainder when 23 is divided by h?
7
Suppose -k - 3*k + 52 = 4*p, -p = -5*k + 95. What is the remainder when 33 is divided by k?
15
Suppose 3*z + 4*i + 50 = 0, 5*z - i + 55 = -13. Let g = z + 25. What is the remainder when 21 is divided by g?
10
Let r(a) = 57*a**2 - 1. Let z(t) = -t**2 - 12*t - 11. Let d be z(-11). Let s(v) = v**2 + 19. Calculate the remainder when r(1) is divided by s(d).
18
Suppose 0 = -12*r + 53 + 19. Calculate the remainder when 10 is divided by r.
4
Let c(p) = p**2 - 5*p - 6. Let d be c(6). Suppose -n - 7 = 4*z, 2*z + d*n - 4*n - 10 = 0. Let o = z + 4. Calculate the remainder when 9 is divided by o.
0
Let c = 19 - -7. Calculate the remainder when c is divided by 14.
12
Let u = 4 - 1. Let o = -20 - -45. Suppose -2*v = 2*y - 20, -5*v + o = 4*y - 4*v. What is the remainder when y is divided by u?
2
Suppose 3*h = -h + 2*g + 22, 5*h - 3*g - 29 = 0. Let w(m) = 7*m + 0 - 2 - 3*m. What is the remainder when w(h) is divided by 5?
4
Suppose -5*d + 9 = s, -3*s - 8 = -4*d + 3. Let n = -5 - -9. Let u = s + n. What is the remainder when 8 is divided by u?
2
Let v = -2 + 4. Let h be -1*(1 + -8 + v). Suppose -a + 0*z = -h*z + 3, z - 2 = 0. Calculate the remainder when 20 is divided by a.
6
Let r = 80 - 3. What is the remainder when r is divided by 27?
23
Let q = 28 - 18. What is the remainder when (11 - q)/((-2)/(-74)) is divided by 13?
11
Suppose -3*b = -2*q + 7*q - 124, -2*b + 29 = q. Suppose -3*d + 82 = -d + 3*y, 5*d = -2*y + 216. Calculate the remainder when d is divided by q.
21
Suppose -3*m - 75 = -3*l, -2*l - l - 2*m + 90 = 0. Calculate the remainder when l is divided by 10.
8
Suppose -2*h = -0*h - 4. Let y = -22 + 28. What is the remainder when y is divided by h?
0
Let a be (-112)/(-24) - 2/3. Let i = a + 0. What is the remainder when i is divided by 3?
1
Let o(f) = -f**3 - 2*f**2 - 2*f - 1. Let g be o(-1). Let m(u) = -u**2 + g - 4 + 0*u**2 + 13*u. Calculate the r